{"id":147,"date":"2024-04-04T11:58:51","date_gmt":"2024-04-04T11:58:51","guid":{"rendered":"https:\/\/pensiuneaioana.ro\/?page_id=147"},"modified":"2024-06-21T11:53:05","modified_gmt":"2024-06-21T11:53:05","slug":"gradina-de-vara","status":"publish","type":"page","link":"https:\/\/pensiuneaioana.ro\/index.php\/gradina-de-vara\/","title":{"rendered":"GRADINA DE VAR\u0102"},"content":{"rendered":"\t\t<div data-elementor-type=\"wp-page\" data-elementor-id=\"147\" class=\"elementor elementor-147\">\n\t\t\t\t<div class=\"elementor-element elementor-element-fb3e125 e-flex e-con-boxed e-con e-parent\" data-id=\"fb3e125\" data-element_type=\"container\">\n\t\t\t\t\t<div class=\"e-con-inner\">\n\t\t\t\t<div class=\"elementor-element elementor-element-187daf3 elementor-widget__width-initial elementor-widget elementor-widget-image\" data-id=\"187daf3\" data-element_type=\"widget\" data-widget_type=\"image.default\">\n\t\t\t\t<div class=\"elementor-widget-container\">\n\t\t\t\t\t\t\t\t\t\t\t\t\t\t\t<img fetchpriority=\"high\" decoding=\"async\" width=\"2560\" height=\"1707\" src=\"https:\/\/pensiuneaioana.ro\/wp-content\/uploads\/2024\/06\/DSC_4777.jpg\" class=\"attachment-full size-full wp-image-321\" alt=\"\" srcset=\"https:\/\/pensiuneaioana.ro\/wp-content\/uploads\/2024\/06\/DSC_4777.jpg 2560w, https:\/\/pensiuneaioana.ro\/wp-content\/uploads\/2024\/06\/DSC_4777-300x200.jpg 300w, https:\/\/pensiuneaioana.ro\/wp-content\/uploads\/2024\/06\/DSC_4777-1024x683.jpg 1024w, https:\/\/pensiuneaioana.ro\/wp-content\/uploads\/2024\/06\/DSC_4777-2000x1334.jpg 2000w, https:\/\/pensiuneaioana.ro\/wp-content\/uploads\/2024\/06\/DSC_4777-1536x1024.jpg 1536w, https:\/\/pensiuneaioana.ro\/wp-content\/uploads\/2024\/06\/DSC_4777-2048x1366.jpg 2048w\" sizes=\"100vw\" \/>\t\t\t\t\t\t\t\t\t\t\t\t\t\t\t<\/div>\n\t\t\t\t<\/div>\n\t\t\t\t\t<\/div>\n\t\t\t\t<\/div>\n\t\t<div class=\"elementor-element elementor-element-0056887 e-flex e-con-boxed e-con e-parent\" data-id=\"0056887\" data-element_type=\"container\">\n\t\t\t\t\t<div class=\"e-con-inner\">\n\t\t\t\t<div class=\"elementor-element elementor-element-9eb9e0f elementor-widget elementor-widget-spacer\" data-id=\"9eb9e0f\" data-element_type=\"widget\" data-widget_type=\"spacer.default\">\n\t\t\t\t<div class=\"elementor-widget-container\">\n\t\t\t\t\t\t\t<div class=\"elementor-spacer\">\n\t\t\t<div class=\"elementor-spacer-inner\"><\/div>\n\t\t<\/div>\n\t\t\t\t\t\t<\/div>\n\t\t\t\t<\/div>\n\t\t\t\t\t<\/div>\n\t\t\t\t<\/div>\n\t\t<div class=\"elementor-element elementor-element-c3d5c6d e-flex e-con-boxed e-con e-parent\" data-id=\"c3d5c6d\" data-element_type=\"container\">\n\t\t\t\t\t<div class=\"e-con-inner\">\n\t\t\t\t<div class=\"elementor-element elementor-element-ee8f003 elementor-widget elementor-widget-text-editor\" data-id=\"ee8f003\" data-element_type=\"widget\" data-widget_type=\"text-editor.default\">\n\t\t\t\t<div class=\"elementor-widget-container\">\n\t\t\t\t\t\t\t\t\t<p>\u00cen inima Pensiunii Ioana se ascunde o oaz\u0103 de lini\u0219te \u0219i frumuse\u021be, sub forma unei gr\u0103dini de var\u0103 ce pare desprins\u0103 din paginile unei pove\u0219ti. Atunci c\u00e2nd p\u0103\u0219e\u0219ti \u00een aceast\u0103 oaz\u0103, te vei sim\u021bi instantaneu \u00eenconjurat de o atmosfer\u0103 magic\u0103, unde agita\u021bia ora\u0219ului este doar o amintire departe. Izolat\u0103 de zgomotul str\u0103zii aglomerate, gr\u0103dina noastr\u0103 este un refugiu pentru suflet, un loc unde timpul pare s\u0103 \u00eencetineasc\u0103 ritmul \u0219i s\u0103-\u021bi ofere o pauz\u0103 bine meritat\u0103.<\/p>\n<p>Plantele frumos \u00eenflorite \u0219i copacii \u00eenverzi\u021bi \u00ee\u021bi ofer\u0103 un spectacol vizual \u00eenc\u00e2nt\u0103tor \u00een fiecare anotimp.&nbsp;La marginea gr\u0103dinii, g\u0103se\u0219ti terasa noastr\u0103 primitoare, unde te po\u021bi a\u0219eza confortabil \u0219i s\u0103 te bucuri de o cafea sau un ceai \u00een aer liber. \u00cen gr\u0103dina de var\u0103 g\u0103se\u0219ti \u0219i un bar exterior elegant, unde po\u021bi savura o gam\u0103 larg\u0103 de b\u0103uturi r\u0103coritoare sau cocktailuri delicioase, preg\u0103tite cu grij\u0103 de c\u0103tre personalul nostru dedicat.<\/p>\n<p>Dac\u0103 e\u0219ti \u00een c\u0103utarea unei conversa\u021bii lini\u0219tite sau a unei seri pline de veselie, foisorul nostru este locul ideal pentru a crea amintiri de neuitat.<\/p>\t\t\t\t\t\t\t\t<\/div>\n\t\t\t\t<\/div>\n\t\t\t\t\t<\/div>\n\t\t\t\t<\/div>\n\t\t<div class=\"elementor-element elementor-element-09e9d61 e-flex e-con-boxed e-con e-parent\" data-id=\"09e9d61\" data-element_type=\"container\">\n\t\t\t\t\t<div class=\"e-con-inner\">\n\t\t\t\t<div class=\"elementor-element elementor-element-f8edb58 elementor-widget elementor-widget-spacer\" data-id=\"f8edb58\" data-element_type=\"widget\" data-widget_type=\"spacer.default\">\n\t\t\t\t<div class=\"elementor-widget-container\">\n\t\t\t\t\t\t\t<div class=\"elementor-spacer\">\n\t\t\t<div class=\"elementor-spacer-inner\"><\/div>\n\t\t<\/div>\n\t\t\t\t\t\t<\/div>\n\t\t\t\t<\/div>\n\t\t\t\t\t<\/div>\n\t\t\t\t<\/div>\n\t\t<div class=\"elementor-element elementor-element-edecd97 e-con-full e-flex e-con e-parent\" data-id=\"edecd97\" data-element_type=\"container\">\n\t\t<div class=\"elementor-element elementor-element-d3c5419 e-con-full e-flex e-con e-child\" data-id=\"d3c5419\" data-element_type=\"container\">\n\t\t\t\t<div class=\"elementor-element elementor-element-d1cb11a elementor-widget elementor-widget-image\" data-id=\"d1cb11a\" data-element_type=\"widget\" data-widget_type=\"image.default\">\n\t\t\t\t<div class=\"elementor-widget-container\">\n\t\t\t\t\t\t\t\t\t\t\t\t\t\t\t<img decoding=\"async\" width=\"950\" height=\"634\" src=\"https:\/\/pensiuneaioana.ro\/wp-content\/uploads\/2024\/06\/DSC_4807-1024x683.jpg\" class=\"attachment-large size-large wp-image-322\" alt=\"\" srcset=\"https:\/\/pensiuneaioana.ro\/wp-content\/uploads\/2024\/06\/DSC_4807-1024x683.jpg 1024w, https:\/\/pensiuneaioana.ro\/wp-content\/uploads\/2024\/06\/DSC_4807-300x200.jpg 300w, https:\/\/pensiuneaioana.ro\/wp-content\/uploads\/2024\/06\/DSC_4807-2000x1334.jpg 2000w, https:\/\/pensiuneaioana.ro\/wp-content\/uploads\/2024\/06\/DSC_4807-1536x1024.jpg 1536w, https:\/\/pensiuneaioana.ro\/wp-content\/uploads\/2024\/06\/DSC_4807-2048x1366.jpg 2048w\" sizes=\"100vw\" \/>\t\t\t\t\t\t\t\t\t\t\t\t\t\t\t<\/div>\n\t\t\t\t<\/div>\n\t\t\t\t<\/div>\n\t\t<div class=\"elementor-element elementor-element-0599807 e-con-full e-flex e-con e-child\" data-id=\"0599807\" data-element_type=\"container\">\n\t\t\t\t<div class=\"elementor-element elementor-element-1a6b396 elementor-widget elementor-widget-image\" data-id=\"1a6b396\" data-element_type=\"widget\" data-widget_type=\"image.default\">\n\t\t\t\t<div class=\"elementor-widget-container\">\n\t\t\t\t\t\t\t\t\t\t\t\t\t\t\t<img decoding=\"async\" width=\"950\" height=\"634\" src=\"https:\/\/pensiuneaioana.ro\/wp-content\/uploads\/2024\/06\/DSC_4809-1024x683.jpg\" class=\"attachment-large size-large wp-image-324\" alt=\"\" srcset=\"https:\/\/pensiuneaioana.ro\/wp-content\/uploads\/2024\/06\/DSC_4809-1024x683.jpg 1024w, https:\/\/pensiuneaioana.ro\/wp-content\/uploads\/2024\/06\/DSC_4809-300x200.jpg 300w, https:\/\/pensiuneaioana.ro\/wp-content\/uploads\/2024\/06\/DSC_4809-2000x1334.jpg 2000w, https:\/\/pensiuneaioana.ro\/wp-content\/uploads\/2024\/06\/DSC_4809-1536x1024.jpg 1536w, https:\/\/pensiuneaioana.ro\/wp-content\/uploads\/2024\/06\/DSC_4809-2048x1366.jpg 2048w\" sizes=\"100vw\" \/>\t\t\t\t\t\t\t\t\t\t\t\t\t\t\t<\/div>\n\t\t\t\t<\/div>\n\t\t\t\t<\/div>\n\t\t<div class=\"elementor-element elementor-element-59ee571 e-con-full e-flex e-con e-child\" data-id=\"59ee571\" data-element_type=\"container\">\n\t\t\t\t<div class=\"elementor-element elementor-element-4130972 elementor-widget elementor-widget-image\" data-id=\"4130972\" data-element_type=\"widget\" data-widget_type=\"image.default\">\n\t\t\t\t<div class=\"elementor-widget-container\">\n\t\t\t\t\t\t\t\t\t\t\t\t\t\t\t<img loading=\"lazy\" decoding=\"async\" width=\"950\" height=\"634\" src=\"https:\/\/pensiuneaioana.ro\/wp-content\/uploads\/2024\/06\/DSC_4803-1024x683.jpg\" class=\"attachment-large size-large wp-image-325\" alt=\"\" srcset=\"https:\/\/pensiuneaioana.ro\/wp-content\/uploads\/2024\/06\/DSC_4803-1024x683.jpg 1024w, https:\/\/pensiuneaioana.ro\/wp-content\/uploads\/2024\/06\/DSC_4803-300x200.jpg 300w, https:\/\/pensiuneaioana.ro\/wp-content\/uploads\/2024\/06\/DSC_4803-2000x1334.jpg 2000w, https:\/\/pensiuneaioana.ro\/wp-content\/uploads\/2024\/06\/DSC_4803-1536x1024.jpg 1536w, https:\/\/pensiuneaioana.ro\/wp-content\/uploads\/2024\/06\/DSC_4803-2048x1366.jpg 2048w\" sizes=\"100vw\" \/>\t\t\t\t\t\t\t\t\t\t\t\t\t\t\t<\/div>\n\t\t\t\t<\/div>\n\t\t\t\t<\/div>\n\t\t<div class=\"elementor-element elementor-element-0b0c18a e-con-full e-flex e-con e-child\" data-id=\"0b0c18a\" data-element_type=\"container\">\n\t\t\t\t<div class=\"elementor-element elementor-element-1ac42a5 elementor-widget elementor-widget-image\" data-id=\"1ac42a5\" data-element_type=\"widget\" data-widget_type=\"image.default\">\n\t\t\t\t<div class=\"elementor-widget-container\">\n\t\t\t\t\t\t\t\t\t\t\t\t\t\t\t<img loading=\"lazy\" decoding=\"async\" width=\"950\" height=\"634\" src=\"https:\/\/pensiuneaioana.ro\/wp-content\/uploads\/2024\/06\/DSC_4798-1024x683.jpg\" class=\"attachment-large size-large wp-image-326\" alt=\"\" srcset=\"https:\/\/pensiuneaioana.ro\/wp-content\/uploads\/2024\/06\/DSC_4798-1024x683.jpg 1024w, https:\/\/pensiuneaioana.ro\/wp-content\/uploads\/2024\/06\/DSC_4798-300x200.jpg 300w, https:\/\/pensiuneaioana.ro\/wp-content\/uploads\/2024\/06\/DSC_4798-2000x1334.jpg 2000w, https:\/\/pensiuneaioana.ro\/wp-content\/uploads\/2024\/06\/DSC_4798-1536x1024.jpg 1536w, https:\/\/pensiuneaioana.ro\/wp-content\/uploads\/2024\/06\/DSC_4798-2048x1366.jpg 2048w\" sizes=\"100vw\" \/>\t\t\t\t\t\t\t\t\t\t\t\t\t\t\t<\/div>\n\t\t\t\t<\/div>\n\t\t\t\t<\/div>\n\t\t\t\t<\/div>\n\t\t<div class=\"elementor-element elementor-element-fb001cd e-flex e-con-boxed e-con e-parent\" data-id=\"fb001cd\" data-element_type=\"container\">\n\t\t\t\t\t<div class=\"e-con-inner\">\n\t\t\t\t<div class=\"elementor-element elementor-element-31170ef elementor-widget elementor-widget-spacer\" data-id=\"31170ef\" data-element_type=\"widget\" data-widget_type=\"spacer.default\">\n\t\t\t\t<div class=\"elementor-widget-container\">\n\t\t\t\t\t\t\t<div class=\"elementor-spacer\">\n\t\t\t<div class=\"elementor-spacer-inner\"><\/div>\n\t\t<\/div>\n\t\t\t\t\t\t<\/div>\n\t\t\t\t<\/div>\n\t\t\t\t\t<\/div>\n\t\t\t\t<\/div>\n\t\t<div class=\"elementor-element elementor-element-d4d601d e-flex e-con-boxed e-con e-parent\" data-id=\"d4d601d\" data-element_type=\"container\">\n\t\t\t\t\t<div class=\"e-con-inner\">\n\t\t\t\t<div class=\"elementor-element elementor-element-e7aedca elementor-widget elementor-widget-text-editor\" data-id=\"e7aedca\" data-element_type=\"widget\" data-widget_type=\"text-editor.default\">\n\t\t\t\t<div class=\"elementor-widget-container\">\n\t\t\t\t\t\t\t\t\t<p>Contacta\u021bi-ne pentru rezerv\u0103ri \u0219i \u00eentreb\u0103ri suplimentare.&nbsp;<\/p><p>echipa noastr\u0103 v\u0103 a\u0219teapt\u0103 cu bra\u021bele deschise pentru a v\u0103 oferi o experien\u021b\u0103 de neuitat!<\/p>\t\t\t\t\t\t\t\t<\/div>\n\t\t\t\t<\/div>\n\t\t\t\t\t<\/div>\n\t\t\t\t<\/div>\n\t\t<div class=\"elementor-element elementor-element-e5e5fa6 e-flex e-con-boxed e-con e-parent\" data-id=\"e5e5fa6\" data-element_type=\"container\">\n\t\t\t\t\t<div class=\"e-con-inner\">\n\t\t\t\t<div class=\"elementor-element elementor-element-24fa1f1 elementor-widget elementor-widget-spacer\" data-id=\"24fa1f1\" data-element_type=\"widget\" data-widget_type=\"spacer.default\">\n\t\t\t\t<div class=\"elementor-widget-container\">\n\t\t\t\t\t\t\t<div class=\"elementor-spacer\">\n\t\t\t<div class=\"elementor-spacer-inner\"><\/div>\n\t\t<\/div>\n\t\t\t\t\t\t<\/div>\n\t\t\t\t<\/div>\n\t\t\t\t\t<\/div>\n\t\t\t\t<\/div>\n\t\t<div class=\"elementor-element elementor-element-7c62261 e-con-full e-flex e-con e-parent\" data-id=\"7c62261\" data-element_type=\"container\">\n\t\t<div class=\"elementor-element elementor-element-20a4216 e-con-full e-flex e-con e-child\" data-id=\"20a4216\" data-element_type=\"container\">\n\t\t\t\t<div class=\"elementor-element elementor-element-42bd0f1 elementor-widget elementor-widget-image\" data-id=\"42bd0f1\" data-element_type=\"widget\" data-widget_type=\"image.default\">\n\t\t\t\t<div class=\"elementor-widget-container\">\n\t\t\t\t\t\t\t\t\t\t\t\t\t\t\t<img loading=\"lazy\" decoding=\"async\" width=\"2560\" height=\"1707\" src=\"https:\/\/pensiuneaioana.ro\/wp-content\/uploads\/2024\/06\/DSC_4820.jpg\" class=\"attachment-full size-full wp-image-330\" alt=\"\" srcset=\"https:\/\/pensiuneaioana.ro\/wp-content\/uploads\/2024\/06\/DSC_4820.jpg 2560w, https:\/\/pensiuneaioana.ro\/wp-content\/uploads\/2024\/06\/DSC_4820-300x200.jpg 300w, https:\/\/pensiuneaioana.ro\/wp-content\/uploads\/2024\/06\/DSC_4820-1024x683.jpg 1024w, https:\/\/pensiuneaioana.ro\/wp-content\/uploads\/2024\/06\/DSC_4820-2000x1334.jpg 2000w, https:\/\/pensiuneaioana.ro\/wp-content\/uploads\/2024\/06\/DSC_4820-1536x1024.jpg 1536w, https:\/\/pensiuneaioana.ro\/wp-content\/uploads\/2024\/06\/DSC_4820-2048x1366.jpg 2048w\" sizes=\"100vw\" \/>\t\t\t\t\t\t\t\t\t\t\t\t\t\t\t<\/div>\n\t\t\t\t<\/div>\n\t\t\t\t<\/div>\n\t\t<div class=\"elementor-element elementor-element-99843f8 e-con-full e-flex e-con e-child\" data-id=\"99843f8\" data-element_type=\"container\">\n\t\t\t\t<div class=\"elementor-element elementor-element-04fae00 elementor-widget elementor-widget-image\" data-id=\"04fae00\" data-element_type=\"widget\" data-widget_type=\"image.default\">\n\t\t\t\t<div class=\"elementor-widget-container\">\n\t\t\t\t\t\t\t\t\t\t\t\t\t\t\t<img loading=\"lazy\" decoding=\"async\" width=\"1612\" height=\"1074\" src=\"https:\/\/pensiuneaioana.ro\/wp-content\/uploads\/2024\/06\/image00011.jpg\" class=\"attachment-full size-full wp-image-334\" alt=\"\" srcset=\"https:\/\/pensiuneaioana.ro\/wp-content\/uploads\/2024\/06\/image00011.jpg 1612w, https:\/\/pensiuneaioana.ro\/wp-content\/uploads\/2024\/06\/image00011-300x200.jpg 300w, https:\/\/pensiuneaioana.ro\/wp-content\/uploads\/2024\/06\/image00011-1024x682.jpg 1024w, https:\/\/pensiuneaioana.ro\/wp-content\/uploads\/2024\/06\/image00011-1536x1023.jpg 1536w\" sizes=\"100vw\" \/>\t\t\t\t\t\t\t\t\t\t\t\t\t\t\t<\/div>\n\t\t\t\t<\/div>\n\t\t\t\t<\/div>\n\t\t<div class=\"elementor-element elementor-element-9afd264 e-con-full e-flex e-con e-child\" data-id=\"9afd264\" data-element_type=\"container\">\n\t\t\t\t<div class=\"elementor-element elementor-element-8bbc48d elementor-widget elementor-widget-image\" data-id=\"8bbc48d\" data-element_type=\"widget\" data-widget_type=\"image.default\">\n\t\t\t\t<div class=\"elementor-widget-container\">\n\t\t\t\t\t\t\t\t\t\t\t\t\t\t\t<img loading=\"lazy\" decoding=\"async\" width=\"1577\" height=\"1051\" src=\"https:\/\/pensiuneaioana.ro\/wp-content\/uploads\/2024\/06\/image00001.jpg\" class=\"attachment-full size-full wp-image-333\" alt=\"\" srcset=\"https:\/\/pensiuneaioana.ro\/wp-content\/uploads\/2024\/06\/image00001.jpg 1577w, https:\/\/pensiuneaioana.ro\/wp-content\/uploads\/2024\/06\/image00001-300x200.jpg 300w, https:\/\/pensiuneaioana.ro\/wp-content\/uploads\/2024\/06\/image00001-1024x682.jpg 1024w, https:\/\/pensiuneaioana.ro\/wp-content\/uploads\/2024\/06\/image00001-1536x1024.jpg 1536w\" sizes=\"100vw\" \/>\t\t\t\t\t\t\t\t\t\t\t\t\t\t\t<\/div>\n\t\t\t\t<\/div>\n\t\t\t\t<\/div>\n\t\t\t\t<\/div>\n\t\t\t\t<\/div>\n\t\t","protected":false},"excerpt":{"rendered":"<p>\u00cen inima Pensiunii Ioana se ascunde o oaz\u0103 de lini\u0219te \u0219i frumuse\u021be, sub forma unei gr\u0103dini de var\u0103 ce pare desprins\u0103 din paginile unei pove\u0219ti. Atunci c\u00e2nd p\u0103\u0219e\u0219ti \u00een aceast\u0103 oaz\u0103, te vei sim\u021bi instantaneu \u00eenconjurat de o atmosfer\u0103 magic\u0103, unde agita\u021bia ora\u0219ului este doar o amintire departe. Izolat\u0103 de zgomotul str\u0103zii aglomerate, gr\u0103dina noastr\u0103 &hellip; <\/p>\n<p class=\"link-more\"><a href=\"https:\/\/pensiuneaioana.ro\/index.php\/gradina-de-vara\/\" class=\"more-link\">Cite\u0219te mai multe<span class=\"screen-reader-text\">\u201eGRADINA DE VAR\u0102\u201d<\/span><\/a><\/p>\n","protected":false},"author":1,"featured_media":0,"parent":0,"menu_order":0,"comment_status":"closed","ping_status":"closed","template":"elementor_header_footer","meta":{"footnotes":""},"class_list":["post-147","page","type-page","status-publish","hentry"],"aioseo_notices":[],"_links":{"self":[{"href":"https:\/\/pensiuneaioana.ro\/index.php\/wp-json\/wp\/v2\/pages\/147","targetHints":{"allow":["GET"]}}],"collection":[{"href":"https:\/\/pensiuneaioana.ro\/index.php\/wp-json\/wp\/v2\/pages"}],"about":[{"href":"https:\/\/pensiuneaioana.ro\/index.php\/wp-json\/wp\/v2\/types\/page"}],"author":[{"embeddable":true,"href":"https:\/\/pensiuneaioana.ro\/index.php\/wp-json\/wp\/v2\/users\/1"}],"replies":[{"embeddable":true,"href":"https:\/\/pensiuneaioana.ro\/index.php\/wp-json\/wp\/v2\/comments?post=147"}],"version-history":[{"count":60,"href":"https:\/\/pensiuneaioana.ro\/index.php\/wp-json\/wp\/v2\/pages\/147\/revisions"}],"predecessor-version":[{"id":412,"href":"https:\/\/pensiuneaioana.ro\/index.php\/wp-json\/wp\/v2\/pages\/147\/revisions\/412"}],"wp:attachment":[{"href":"https:\/\/pensiuneaioana.ro\/index.php\/wp-json\/wp\/v2\/media?parent=147"}],"curies":[{"name":"wp","href":"https:\/\/api.w.org\/{rel}","templated":true}]}}