{"id":37,"date":"2024-04-03T11:38:50","date_gmt":"2024-04-03T11:38:50","guid":{"rendered":"https:\/\/pensiuneaioana.ro\/?page_id=37"},"modified":"2026-01-22T16:25:44","modified_gmt":"2026-01-22T16:25:44","slug":"prima-pagina","status":"publish","type":"page","link":"https:\/\/pensiuneaioana.ro\/","title":{"rendered":"ACAS\u0102"},"content":{"rendered":"\t\t<div data-elementor-type=\"wp-page\" data-elementor-id=\"37\" class=\"elementor elementor-37\">\n\t\t\t\t<div class=\"elementor-element elementor-element-c08f099 e-flex e-con-boxed e-con e-parent\" data-id=\"c08f099\" data-element_type=\"container\">\n\t\t\t\t\t<div class=\"e-con-inner\">\n\t\t\t\t<div class=\"elementor-element elementor-element-2960b75 elementor-widget elementor-widget-spacer\" data-id=\"2960b75\" data-element_type=\"widget\" data-widget_type=\"spacer.default\">\n\t\t\t\t<div class=\"elementor-widget-container\">\n\t\t\t\t\t\t\t<div class=\"elementor-spacer\">\n\t\t\t<div class=\"elementor-spacer-inner\"><\/div>\n\t\t<\/div>\n\t\t\t\t\t\t<\/div>\n\t\t\t\t<\/div>\n\t\t\t\t\t<\/div>\n\t\t\t\t<\/div>\n\t\t<div class=\"elementor-element elementor-element-35fdacf e-flex e-con-boxed e-con e-parent\" data-id=\"35fdacf\" data-element_type=\"container\">\n\t\t\t\t\t<div class=\"e-con-inner\">\n\t\t<div class=\"elementor-element elementor-element-5aea2a0 e-con-full e-flex e-con e-child\" data-id=\"5aea2a0\" data-element_type=\"container\">\n\t\t\t\t<div class=\"elementor-element elementor-element-7072477 elementor-widget elementor-widget-text-editor\" data-id=\"7072477\" data-element_type=\"widget\" data-widget_type=\"text-editor.default\">\n\t\t\t\t<div class=\"elementor-widget-container\">\n\t\t\t\t\t\t\t\t\t<p><em>Situat\u0103 \u00een inima pitoreasc\u0103 a Transilvaniei, Pensiunea Ioana din Gherla te invit\u0103 s\u0103 descoperi un refugiu de lini\u0219te \u0219i confort. Oferind cazare de calitate, o buc\u0103t\u0103rie tradi\u021bional\u0103 rafinat\u0103 \u0219i o gr\u0103din\u0103 de var\u0103 fermec\u0103toare, aceast\u0103 pensiune \u00ee\u021bi va transforma sejurul \u00eentr-o experien\u021b\u0103 de neuitat.<\/em><\/p>\t\t\t\t\t\t\t\t<\/div>\n\t\t\t\t<\/div>\n\t\t\t\t<\/div>\n\t\t<div class=\"elementor-element elementor-element-6838d40 e-con-full e-flex e-con e-child\" data-id=\"6838d40\" data-element_type=\"container\">\n\t\t\t\t<div class=\"elementor-element elementor-element-d0c5b3a elementor-widget elementor-widget-image\" data-id=\"d0c5b3a\" data-element_type=\"widget\" data-widget_type=\"image.default\">\n\t\t\t\t<div class=\"elementor-widget-container\">\n\t\t\t\t\t\t\t\t\t\t\t\t\t\t\t<img fetchpriority=\"high\" decoding=\"async\" width=\"1024\" height=\"683\" src=\"https:\/\/pensiuneaioana.ro\/wp-content\/uploads\/2024\/04\/Pensiunea-Ioana-Receptie-2-1024x683.jpg\" class=\"attachment-large size-large wp-image-103\" alt=\"\" srcset=\"https:\/\/pensiuneaioana.ro\/wp-content\/uploads\/2024\/04\/Pensiunea-Ioana-Receptie-2-1024x683.jpg 1024w, https:\/\/pensiuneaioana.ro\/wp-content\/uploads\/2024\/04\/Pensiunea-Ioana-Receptie-2-300x200.jpg 300w, https:\/\/pensiuneaioana.ro\/wp-content\/uploads\/2024\/04\/Pensiunea-Ioana-Receptie-2-1536x1024.jpg 1536w, https:\/\/pensiuneaioana.ro\/wp-content\/uploads\/2024\/04\/Pensiunea-Ioana-Receptie-2.jpg 1920w\" sizes=\"100vw\" \/>\t\t\t\t\t\t\t\t\t\t\t\t\t\t\t<\/div>\n\t\t\t\t<\/div>\n\t\t\t\t<\/div>\n\t\t\t\t\t<\/div>\n\t\t\t\t<\/div>\n\t\t<div class=\"elementor-element elementor-element-a378e83 e-flex e-con-boxed e-con e-parent\" data-id=\"a378e83\" data-element_type=\"container\">\n\t\t\t\t\t<div class=\"e-con-inner\">\n\t\t\t\t<div class=\"elementor-element elementor-element-f5239a6 elementor-widget elementor-widget-spacer\" data-id=\"f5239a6\" data-element_type=\"widget\" data-widget_type=\"spacer.default\">\n\t\t\t\t<div class=\"elementor-widget-container\">\n\t\t\t\t\t\t\t<div class=\"elementor-spacer\">\n\t\t\t<div class=\"elementor-spacer-inner\"><\/div>\n\t\t<\/div>\n\t\t\t\t\t\t<\/div>\n\t\t\t\t<\/div>\n\t\t\t\t\t<\/div>\n\t\t\t\t<\/div>\n\t\t<div class=\"elementor-element elementor-element-1600c37 e-flex e-con-boxed e-con e-parent\" data-id=\"1600c37\" data-element_type=\"container\">\n\t\t\t\t\t<div class=\"e-con-inner\">\n\t\t<div class=\"elementor-element elementor-element-9a2db96 e-con-full e-flex e-con e-child\" data-id=\"9a2db96\" data-element_type=\"container\">\n\t\t\t\t<div class=\"elementor-element elementor-element-f91f66a elementor-widget elementor-widget-image\" data-id=\"f91f66a\" data-element_type=\"widget\" data-widget_type=\"image.default\">\n\t\t\t\t<div class=\"elementor-widget-container\">\n\t\t\t\t\t\t\t\t\t\t\t\t\t\t\t\t<a href=\"https:\/\/pensiuneaioana.ro\/index.php\/camera-dubla\/\" target=\"_blank\">\n\t\t\t\t\t\t\t<img decoding=\"async\" width=\"1024\" height=\"680\" src=\"https:\/\/pensiuneaioana.ro\/wp-content\/uploads\/2026\/01\/camera-dubla-pensiunea-Ioana-1024x680.jpg\" class=\"attachment-large size-large wp-image-462\" alt=\"\" srcset=\"https:\/\/pensiuneaioana.ro\/wp-content\/uploads\/2026\/01\/camera-dubla-pensiunea-Ioana-1024x680.jpg 1024w, https:\/\/pensiuneaioana.ro\/wp-content\/uploads\/2026\/01\/camera-dubla-pensiunea-Ioana-300x199.jpg 300w, https:\/\/pensiuneaioana.ro\/wp-content\/uploads\/2026\/01\/camera-dubla-pensiunea-Ioana.jpg 1536w\" sizes=\"100vw\" \/>\t\t\t\t\t\t\t\t<\/a>\n\t\t\t\t\t\t\t\t\t\t\t\t\t\t\t<\/div>\n\t\t\t\t<\/div>\n\t\t\t\t<div class=\"elementor-element elementor-element-052b0b7 elementor-widget elementor-widget-text-editor\" data-id=\"052b0b7\" data-element_type=\"widget\" data-widget_type=\"text-editor.default\">\n\t\t\t\t<div class=\"elementor-widget-container\">\n\t\t\t\t\t\t\t\t\t<h3>de la 210 RON<\/h3><h4>CAMER\u0102 DUBL\u0102<\/h4>\t\t\t\t\t\t\t\t<\/div>\n\t\t\t\t<\/div>\n\t\t\t\t<\/div>\n\t\t<div class=\"elementor-element elementor-element-02da3d1 e-con-full e-flex e-con e-child\" data-id=\"02da3d1\" data-element_type=\"container\">\n\t\t\t\t<div class=\"elementor-element elementor-element-94bae53 elementor-widget elementor-widget-image\" data-id=\"94bae53\" data-element_type=\"widget\" data-widget_type=\"image.default\">\n\t\t\t\t<div class=\"elementor-widget-container\">\n\t\t\t\t\t\t\t\t\t\t\t\t\t\t\t\t<a href=\"https:\/\/pensiuneaioana.ro\/index.php\/camera-twin\/\" target=\"_blank\">\n\t\t\t\t\t\t\t<img decoding=\"async\" width=\"1024\" height=\"682\" src=\"https:\/\/pensiuneaioana.ro\/wp-content\/uploads\/2024\/04\/Pensiunea-Ioana-camera-twin-5-1024x682.jpg\" class=\"attachment-large size-large wp-image-261\" alt=\"\" srcset=\"https:\/\/pensiuneaioana.ro\/wp-content\/uploads\/2024\/04\/Pensiunea-Ioana-camera-twin-5-1024x682.jpg 1024w, https:\/\/pensiuneaioana.ro\/wp-content\/uploads\/2024\/04\/Pensiunea-Ioana-camera-twin-5-300x200.jpg 300w, https:\/\/pensiuneaioana.ro\/wp-content\/uploads\/2024\/04\/Pensiunea-Ioana-camera-twin-5-1536x1024.jpg 1536w, https:\/\/pensiuneaioana.ro\/wp-content\/uploads\/2024\/04\/Pensiunea-Ioana-camera-twin-5.jpg 2000w\" sizes=\"100vw\" \/>\t\t\t\t\t\t\t\t<\/a>\n\t\t\t\t\t\t\t\t\t\t\t\t\t\t\t<\/div>\n\t\t\t\t<\/div>\n\t\t\t\t<div class=\"elementor-element elementor-element-77ce86f elementor-widget elementor-widget-text-editor\" data-id=\"77ce86f\" data-element_type=\"widget\" data-widget_type=\"text-editor.default\">\n\t\t\t\t<div class=\"elementor-widget-container\">\n\t\t\t\t\t\t\t\t\t<h3>de la 210 RON<\/h3><h4>CAMER\u0102 TWIN<\/h4>\t\t\t\t\t\t\t\t<\/div>\n\t\t\t\t<\/div>\n\t\t\t\t<\/div>\n\t\t<div class=\"elementor-element elementor-element-1da0ed0 e-con-full e-flex e-con e-child\" data-id=\"1da0ed0\" data-element_type=\"container\">\n\t\t\t\t<div class=\"elementor-element elementor-element-e7dbfe2 elementor-widget elementor-widget-image\" data-id=\"e7dbfe2\" data-element_type=\"widget\" data-widget_type=\"image.default\">\n\t\t\t\t<div class=\"elementor-widget-container\">\n\t\t\t\t\t\t\t\t\t\t\t\t\t\t\t\t<a href=\"https:\/\/pensiuneaioana.ro\/index.php\/camera-tripla\/\" target=\"_blank\">\n\t\t\t\t\t\t\t<img loading=\"lazy\" decoding=\"async\" width=\"1024\" height=\"683\" src=\"https:\/\/pensiuneaioana.ro\/wp-content\/uploads\/2024\/04\/Pensiunea-Ioana-Camera-Dubla-1-1-1024x683.jpg\" class=\"attachment-large size-large wp-image-96\" alt=\"\" srcset=\"https:\/\/pensiuneaioana.ro\/wp-content\/uploads\/2024\/04\/Pensiunea-Ioana-Camera-Dubla-1-1-1024x683.jpg 1024w, https:\/\/pensiuneaioana.ro\/wp-content\/uploads\/2024\/04\/Pensiunea-Ioana-Camera-Dubla-1-1-300x200.jpg 300w, https:\/\/pensiuneaioana.ro\/wp-content\/uploads\/2024\/04\/Pensiunea-Ioana-Camera-Dubla-1-1-1536x1024.jpg 1536w, https:\/\/pensiuneaioana.ro\/wp-content\/uploads\/2024\/04\/Pensiunea-Ioana-Camera-Dubla-1-1.jpg 1920w\" sizes=\"100vw\" \/>\t\t\t\t\t\t\t\t<\/a>\n\t\t\t\t\t\t\t\t\t\t\t\t\t\t\t<\/div>\n\t\t\t\t<\/div>\n\t\t\t\t<div class=\"elementor-element elementor-element-09e556f elementor-widget elementor-widget-text-editor\" data-id=\"09e556f\" data-element_type=\"widget\" data-widget_type=\"text-editor.default\">\n\t\t\t\t<div class=\"elementor-widget-container\">\n\t\t\t\t\t\t\t\t\t<h3>de la 220 \/ 240 RON<\/h3><h4>CAMER\u0102 TRIPL\u0102<\/h4>\t\t\t\t\t\t\t\t<\/div>\n\t\t\t\t<\/div>\n\t\t\t\t<\/div>\n\t\t<div class=\"elementor-element elementor-element-9ecb4c4 e-con-full e-flex e-con e-child\" data-id=\"9ecb4c4\" data-element_type=\"container\">\n\t\t\t\t<div class=\"elementor-element elementor-element-ab1640d elementor-widget elementor-widget-image\" data-id=\"ab1640d\" data-element_type=\"widget\" data-widget_type=\"image.default\">\n\t\t\t\t<div class=\"elementor-widget-container\">\n\t\t\t\t\t\t\t\t\t\t\t\t\t\t\t\t<a href=\"https:\/\/pensiuneaioana.ro\/index.php\/suita-suita-deluxe\/\" target=\"_blank\">\n\t\t\t\t\t\t\t<img loading=\"lazy\" decoding=\"async\" width=\"1024\" height=\"683\" src=\"https:\/\/pensiuneaioana.ro\/wp-content\/uploads\/2026\/01\/suita-8-1024x683.jpg\" class=\"attachment-large size-large wp-image-502\" alt=\"\" srcset=\"https:\/\/pensiuneaioana.ro\/wp-content\/uploads\/2026\/01\/suita-8-1024x683.jpg 1024w, https:\/\/pensiuneaioana.ro\/wp-content\/uploads\/2026\/01\/suita-8-300x200.jpg 300w, https:\/\/pensiuneaioana.ro\/wp-content\/uploads\/2026\/01\/suita-8-2000x1333.jpg 2000w, https:\/\/pensiuneaioana.ro\/wp-content\/uploads\/2026\/01\/suita-8-scaled-1536x1024.jpg 1536w, https:\/\/pensiuneaioana.ro\/wp-content\/uploads\/2026\/01\/suita-8-scaled-2048x1365.jpg 2048w\" sizes=\"100vw\" \/>\t\t\t\t\t\t\t\t<\/a>\n\t\t\t\t\t\t\t\t\t\t\t\t\t\t\t<\/div>\n\t\t\t\t<\/div>\n\t\t\t\t<div class=\"elementor-element elementor-element-f55cbfd elementor-widget elementor-widget-text-editor\" data-id=\"f55cbfd\" data-element_type=\"widget\" data-widget_type=\"text-editor.default\">\n\t\t\t\t<div class=\"elementor-widget-container\">\n\t\t\t\t\t\t\t\t\t<h3>de la 260 \/ 310 RON<\/h3><h4>SUIT\u0102 \/ SUIT\u0102 DELUXE<\/h4>\t\t\t\t\t\t\t\t<\/div>\n\t\t\t\t<\/div>\n\t\t\t\t<\/div>\n\t\t\t\t\t<\/div>\n\t\t\t\t<\/div>\n\t\t<div class=\"elementor-element elementor-element-4f5d276 e-flex e-con-boxed e-con e-parent\" data-id=\"4f5d276\" data-element_type=\"container\">\n\t\t\t\t\t<div class=\"e-con-inner\">\n\t\t\t\t<div class=\"elementor-element elementor-element-3112a12 elementor-widget elementor-widget-spacer\" data-id=\"3112a12\" data-element_type=\"widget\" data-widget_type=\"spacer.default\">\n\t\t\t\t<div class=\"elementor-widget-container\">\n\t\t\t\t\t\t\t<div class=\"elementor-spacer\">\n\t\t\t<div class=\"elementor-spacer-inner\"><\/div>\n\t\t<\/div>\n\t\t\t\t\t\t<\/div>\n\t\t\t\t<\/div>\n\t\t\t\t\t<\/div>\n\t\t\t\t<\/div>\n\t\t<div class=\"elementor-element elementor-element-a9bc56d e-con-full e-flex e-con e-parent\" data-id=\"a9bc56d\" data-element_type=\"container\" data-settings=\"{&quot;background_background&quot;:&quot;classic&quot;}\">\n\t\t\t\t<div class=\"elementor-element elementor-element-56332c4 elementor-align-center elementor-widget elementor-widget-button\" data-id=\"56332c4\" data-element_type=\"widget\" data-widget_type=\"button.default\">\n\t\t\t\t<div class=\"elementor-widget-container\">\n\t\t\t\t\t\t\t\t\t<div class=\"elementor-button-wrapper\">\n\t\t\t\t\t<a class=\"elementor-button elementor-button-link elementor-size-sm\" href=\"https:\/\/pensiuneaioana.ro\/index.php\/gradina-de-vara\/\" target=\"_blank\">\n\t\t\t\t\t\t<span class=\"elementor-button-content-wrapper\">\n\t\t\t\t\t\t\t\t\t<span class=\"elementor-button-text\">GR\u0102DINA DE VAR\u0102<\/span>\n\t\t\t\t\t<\/span>\n\t\t\t\t\t<\/a>\n\t\t\t\t<\/div>\n\t\t\t\t\t\t\t\t<\/div>\n\t\t\t\t<\/div>\n\t\t\t\t<\/div>\n\t\t<div class=\"elementor-element elementor-element-94f1296 e-flex e-con-boxed e-con e-parent\" data-id=\"94f1296\" data-element_type=\"container\">\n\t\t\t\t\t<div class=\"e-con-inner\">\n\t\t\t\t<div class=\"elementor-element elementor-element-3f86fde elementor-widget elementor-widget-spacer\" data-id=\"3f86fde\" data-element_type=\"widget\" data-widget_type=\"spacer.default\">\n\t\t\t\t<div class=\"elementor-widget-container\">\n\t\t\t\t\t\t\t<div class=\"elementor-spacer\">\n\t\t\t<div class=\"elementor-spacer-inner\"><\/div>\n\t\t<\/div>\n\t\t\t\t\t\t<\/div>\n\t\t\t\t<\/div>\n\t\t\t\t\t<\/div>\n\t\t\t\t<\/div>\n\t\t<div class=\"elementor-element elementor-element-3f12f5b e-con-full e-flex e-con e-parent\" data-id=\"3f12f5b\" data-element_type=\"container\" data-settings=\"{&quot;background_background&quot;:&quot;classic&quot;}\">\n\t\t\t\t<div class=\"elementor-element elementor-element-a427077 elementor-align-center elementor-widget elementor-widget-button\" data-id=\"a427077\" data-element_type=\"widget\" data-widget_type=\"button.default\">\n\t\t\t\t<div class=\"elementor-widget-container\">\n\t\t\t\t\t\t\t\t\t<div class=\"elementor-button-wrapper\">\n\t\t\t\t\t<a class=\"elementor-button elementor-button-link elementor-size-sm\" href=\"https:\/\/pensiuneaioana.ro\/index.php\/evenimente\/\" target=\"_blank\">\n\t\t\t\t\t\t<span class=\"elementor-button-content-wrapper\">\n\t\t\t\t\t\t\t\t\t<span class=\"elementor-button-text\">EVENIMENTE<\/span>\n\t\t\t\t\t<\/span>\n\t\t\t\t\t<\/a>\n\t\t\t\t<\/div>\n\t\t\t\t\t\t\t\t<\/div>\n\t\t\t\t<\/div>\n\t\t\t\t<\/div>\n\t\t<div class=\"elementor-element elementor-element-fd0bcf1 e-flex e-con-boxed e-con e-parent\" data-id=\"fd0bcf1\" data-element_type=\"container\">\n\t\t\t\t\t<div class=\"e-con-inner\">\n\t\t\t\t<div class=\"elementor-element elementor-element-a6b7467 elementor-widget elementor-widget-spacer\" data-id=\"a6b7467\" data-element_type=\"widget\" data-widget_type=\"spacer.default\">\n\t\t\t\t<div class=\"elementor-widget-container\">\n\t\t\t\t\t\t\t<div class=\"elementor-spacer\">\n\t\t\t<div class=\"elementor-spacer-inner\"><\/div>\n\t\t<\/div>\n\t\t\t\t\t\t<\/div>\n\t\t\t\t<\/div>\n\t\t\t\t\t<\/div>\n\t\t\t\t<\/div>\n\t\t<div class=\"elementor-element elementor-element-b462bbc e-con-full e-flex e-con e-parent\" data-id=\"b462bbc\" data-element_type=\"container\" data-settings=\"{&quot;background_background&quot;:&quot;classic&quot;}\">\n\t\t\t\t<div class=\"elementor-element elementor-element-06314c5 elementor-align-center elementor-widget elementor-widget-button\" data-id=\"06314c5\" data-element_type=\"widget\" data-widget_type=\"button.default\">\n\t\t\t\t<div class=\"elementor-widget-container\">\n\t\t\t\t\t\t\t\t\t<div class=\"elementor-button-wrapper\">\n\t\t\t\t\t<a class=\"elementor-button elementor-button-link elementor-size-sm\" href=\"https:\/\/pensiuneaioana.ro\/index.php\/sala-de-conferinte\/\" target=\"_blank\">\n\t\t\t\t\t\t<span class=\"elementor-button-content-wrapper\">\n\t\t\t\t\t\t\t\t\t<span class=\"elementor-button-text\">CONFERIN\u021aE<\/span>\n\t\t\t\t\t<\/span>\n\t\t\t\t\t<\/a>\n\t\t\t\t<\/div>\n\t\t\t\t\t\t\t\t<\/div>\n\t\t\t\t<\/div>\n\t\t\t\t<\/div>\n\t\t<div class=\"elementor-element elementor-element-d20e685 e-flex e-con-boxed e-con e-parent\" data-id=\"d20e685\" data-element_type=\"container\">\n\t\t\t\t\t<div class=\"e-con-inner\">\n\t\t\t\t<div class=\"elementor-element elementor-element-cc4e2ba elementor-widget elementor-widget-spacer\" data-id=\"cc4e2ba\" data-element_type=\"widget\" data-widget_type=\"spacer.default\">\n\t\t\t\t<div class=\"elementor-widget-container\">\n\t\t\t\t\t\t\t<div class=\"elementor-spacer\">\n\t\t\t<div class=\"elementor-spacer-inner\"><\/div>\n\t\t<\/div>\n\t\t\t\t\t\t<\/div>\n\t\t\t\t<\/div>\n\t\t\t\t\t<\/div>\n\t\t\t\t<\/div>\n\t\t<div class=\"elementor-element elementor-element-534f958 e-flex e-con-boxed e-con e-parent\" data-id=\"534f958\" data-element_type=\"container\">\n\t\t\t\t\t<div class=\"e-con-inner\">\n\t\t<div class=\"elementor-element elementor-element-d7b9cbb e-con-full e-flex e-con e-child\" data-id=\"d7b9cbb\" data-element_type=\"container\">\n\t\t\t\t<\/div>\n\t\t<div class=\"elementor-element elementor-element-4c6d4b9 e-con-full e-flex e-con e-child\" data-id=\"4c6d4b9\" data-element_type=\"container\">\n\t\t<div class=\"elementor-element elementor-element-0df82c3 e-con-full e-flex e-con e-child\" data-id=\"0df82c3\" data-element_type=\"container\">\n\t\t\t\t<div class=\"elementor-element elementor-element-d28571e elementor-invisible elementor-widget elementor-widget-heading\" data-id=\"d28571e\" data-element_type=\"widget\" data-settings=\"{&quot;_animation&quot;:&quot;fadeInLeft&quot;}\" data-widget_type=\"heading.default\">\n\t\t\t\t<div class=\"elementor-widget-container\">\n\t\t\t\t\t<h1 class=\"elementor-heading-title elementor-size-default\">PARTENERI<\/h1>\t\t\t\t<\/div>\n\t\t\t\t<\/div>\n\t\t\t\t<\/div>\n\t\t\t\t<\/div>\n\t\t<div class=\"elementor-element elementor-element-f7826ad e-con-full e-flex e-con e-child\" data-id=\"f7826ad\" data-element_type=\"container\">\n\t\t\t\t<\/div>\n\t\t<div class=\"elementor-element elementor-element-58cea1c e-con-full e-flex e-con e-child\" data-id=\"58cea1c\" data-element_type=\"container\">\n\t\t\t\t<div class=\"elementor-element elementor-element-160ea21 elementor-widget elementor-widget-image\" data-id=\"160ea21\" data-element_type=\"widget\" data-widget_type=\"image.default\">\n\t\t\t\t<div class=\"elementor-widget-container\">\n\t\t\t\t\t\t\t\t\t\t\t\t\t\t\t\t<a href=\"https:\/\/razzmusic.ro\/\" target=\"_blank\">\n\t\t\t\t\t\t\t<img loading=\"lazy\" decoding=\"async\" width=\"2560\" height=\"1024\" src=\"https:\/\/pensiuneaioana.ro\/wp-content\/uploads\/2024\/06\/Razz-Music-Show.jpg\" class=\"attachment-full size-full wp-image-387\" alt=\"\" srcset=\"https:\/\/pensiuneaioana.ro\/wp-content\/uploads\/2024\/06\/Razz-Music-Show.jpg 2560w, https:\/\/pensiuneaioana.ro\/wp-content\/uploads\/2024\/06\/Razz-Music-Show-300x120.jpg 300w, https:\/\/pensiuneaioana.ro\/wp-content\/uploads\/2024\/06\/Razz-Music-Show-1024x410.jpg 1024w, https:\/\/pensiuneaioana.ro\/wp-content\/uploads\/2024\/06\/Razz-Music-Show-2000x800.jpg 2000w, https:\/\/pensiuneaioana.ro\/wp-content\/uploads\/2024\/06\/Razz-Music-Show-1536x614.jpg 1536w, https:\/\/pensiuneaioana.ro\/wp-content\/uploads\/2024\/06\/Razz-Music-Show-2048x819.jpg 2048w\" sizes=\"100vw\" \/>\t\t\t\t\t\t\t\t<\/a>\n\t\t\t\t\t\t\t\t\t\t\t\t\t\t\t<\/div>\n\t\t\t\t<\/div>\n\t\t\t\t<\/div>\n\t\t<div class=\"elementor-element elementor-element-17d8997 e-con-full e-flex e-con e-child\" data-id=\"17d8997\" data-element_type=\"container\">\n\t\t\t\t<div class=\"elementor-element elementor-element-c75e205 elementor-widget elementor-widget-image\" data-id=\"c75e205\" data-element_type=\"widget\" data-widget_type=\"image.default\">\n\t\t\t\t<div class=\"elementor-widget-container\">\n\t\t\t\t\t\t\t\t\t\t\t\t\t\t\t\t<a href=\"https:\/\/www.dortravel.ro\/\" target=\"_blank\">\n\t\t\t\t\t\t\t<img loading=\"lazy\" decoding=\"async\" width=\"2560\" height=\"1024\" src=\"https:\/\/pensiuneaioana.ro\/wp-content\/uploads\/2024\/06\/Dor-Travel-Calatorii.jpg\" class=\"attachment-full size-full wp-image-392\" alt=\"\" srcset=\"https:\/\/pensiuneaioana.ro\/wp-content\/uploads\/2024\/06\/Dor-Travel-Calatorii.jpg 2560w, https:\/\/pensiuneaioana.ro\/wp-content\/uploads\/2024\/06\/Dor-Travel-Calatorii-300x120.jpg 300w, https:\/\/pensiuneaioana.ro\/wp-content\/uploads\/2024\/06\/Dor-Travel-Calatorii-1024x410.jpg 1024w, https:\/\/pensiuneaioana.ro\/wp-content\/uploads\/2024\/06\/Dor-Travel-Calatorii-2000x800.jpg 2000w, https:\/\/pensiuneaioana.ro\/wp-content\/uploads\/2024\/06\/Dor-Travel-Calatorii-1536x614.jpg 1536w, https:\/\/pensiuneaioana.ro\/wp-content\/uploads\/2024\/06\/Dor-Travel-Calatorii-2048x819.jpg 2048w\" sizes=\"100vw\" \/>\t\t\t\t\t\t\t\t<\/a>\n\t\t\t\t\t\t\t\t\t\t\t\t\t\t\t<\/div>\n\t\t\t\t<\/div>\n\t\t\t\t<\/div>\n\t\t<div class=\"elementor-element elementor-element-3b921ae e-con-full e-flex e-con e-child\" data-id=\"3b921ae\" data-element_type=\"container\">\n\t\t\t\t<div class=\"elementor-element elementor-element-78bb163 elementor-widget elementor-widget-image\" data-id=\"78bb163\" data-element_type=\"widget\" data-widget_type=\"image.default\">\n\t\t\t\t<div class=\"elementor-widget-container\">\n\t\t\t\t\t\t\t\t\t\t\t\t\t\t\t\t<a href=\"https:\/\/fotografiededicata.ro\/\" target=\"_blank\">\n\t\t\t\t\t\t\t<img loading=\"lazy\" decoding=\"async\" width=\"2560\" height=\"1024\" src=\"https:\/\/pensiuneaioana.ro\/wp-content\/uploads\/2024\/06\/Atelierul-de-fotografie-dedicata.jpg\" class=\"attachment-full size-full wp-image-386\" alt=\"\" srcset=\"https:\/\/pensiuneaioana.ro\/wp-content\/uploads\/2024\/06\/Atelierul-de-fotografie-dedicata.jpg 2560w, https:\/\/pensiuneaioana.ro\/wp-content\/uploads\/2024\/06\/Atelierul-de-fotografie-dedicata-300x120.jpg 300w, https:\/\/pensiuneaioana.ro\/wp-content\/uploads\/2024\/06\/Atelierul-de-fotografie-dedicata-1024x410.jpg 1024w, https:\/\/pensiuneaioana.ro\/wp-content\/uploads\/2024\/06\/Atelierul-de-fotografie-dedicata-2000x800.jpg 2000w, https:\/\/pensiuneaioana.ro\/wp-content\/uploads\/2024\/06\/Atelierul-de-fotografie-dedicata-1536x614.jpg 1536w, https:\/\/pensiuneaioana.ro\/wp-content\/uploads\/2024\/06\/Atelierul-de-fotografie-dedicata-2048x819.jpg 2048w\" sizes=\"100vw\" \/>\t\t\t\t\t\t\t\t<\/a>\n\t\t\t\t\t\t\t\t\t\t\t\t\t\t\t<\/div>\n\t\t\t\t<\/div>\n\t\t\t\t<\/div>\n\t\t\t\t\t<\/div>\n\t\t\t\t<\/div>\n\t\t\t\t<\/div>\n\t\t","protected":false},"excerpt":{"rendered":"<p>Situat\u0103 \u00een inima pitoreasc\u0103 a Transilvaniei, Pensiunea Ioana din Gherla te invit\u0103 s\u0103 descoperi un refugiu de lini\u0219te \u0219i confort. Oferind cazare de calitate, o buc\u0103t\u0103rie tradi\u021bional\u0103 rafinat\u0103 \u0219i o gr\u0103din\u0103 de var\u0103 fermec\u0103toare, aceast\u0103 pensiune \u00ee\u021bi va transforma sejurul \u00eentr-o experien\u021b\u0103 de neuitat. de la 210 RON CAMER\u0102 DUBL\u0102 de la 210 RON CAMER\u0102 &hellip; <\/p>\n<p class=\"link-more\"><a href=\"https:\/\/pensiuneaioana.ro\/\" class=\"more-link\">Cite\u0219te mai multe<span class=\"screen-reader-text\">\u201eACAS\u0102\u201d<\/span><\/a><\/p>\n","protected":false},"author":1,"featured_media":62,"parent":0,"menu_order":0,"comment_status":"closed","ping_status":"closed","template":"elementor_header_footer","meta":{"footnotes":""},"class_list":["post-37","page","type-page","status-publish","has-post-thumbnail","hentry"],"aioseo_notices":[],"_links":{"self":[{"href":"https:\/\/pensiuneaioana.ro\/index.php\/wp-json\/wp\/v2\/pages\/37","targetHints":{"allow":["GET"]}}],"collection":[{"href":"https:\/\/pensiuneaioana.ro\/index.php\/wp-json\/wp\/v2\/pages"}],"about":[{"href":"https:\/\/pensiuneaioana.ro\/index.php\/wp-json\/wp\/v2\/types\/page"}],"author":[{"embeddable":true,"href":"https:\/\/pensiuneaioana.ro\/index.php\/wp-json\/wp\/v2\/users\/1"}],"replies":[{"embeddable":true,"href":"https:\/\/pensiuneaioana.ro\/index.php\/wp-json\/wp\/v2\/comments?post=37"}],"version-history":[{"count":135,"href":"https:\/\/pensiuneaioana.ro\/index.php\/wp-json\/wp\/v2\/pages\/37\/revisions"}],"predecessor-version":[{"id":522,"href":"https:\/\/pensiuneaioana.ro\/index.php\/wp-json\/wp\/v2\/pages\/37\/revisions\/522"}],"wp:featuredmedia":[{"embeddable":true,"href":"https:\/\/pensiuneaioana.ro\/index.php\/wp-json\/wp\/v2\/media\/62"}],"wp:attachment":[{"href":"https:\/\/pensiuneaioana.ro\/index.php\/wp-json\/wp\/v2\/media?parent=37"}],"curies":[{"name":"wp","href":"https:\/\/api.w.org\/{rel}","templated":true}]}}