{"id":455,"date":"2024-04-04T11:58:51","date_gmt":"2024-04-04T11:58:51","guid":{"rendered":"https:\/\/pensiuneaioana.ro\/?page_id=455"},"modified":"2026-01-22T15:57:08","modified_gmt":"2026-01-22T15:57:08","slug":"camera-tripla","status":"publish","type":"page","link":"https:\/\/pensiuneaioana.ro\/index.php\/camera-tripla\/","title":{"rendered":"CAMER\u0102 TRIPL\u0102"},"content":{"rendered":"\t\t<div data-elementor-type=\"wp-page\" data-elementor-id=\"455\" class=\"elementor elementor-455\">\n\t\t\t\t<div class=\"elementor-element elementor-element-fb3e125 e-flex e-con-boxed e-con e-parent\" data-id=\"fb3e125\" data-element_type=\"container\">\n\t\t\t\t\t<div class=\"e-con-inner\">\n\t\t\t\t<div class=\"elementor-element elementor-element-187daf3 elementor-widget__width-initial elementor-widget elementor-widget-image\" data-id=\"187daf3\" data-element_type=\"widget\" data-widget_type=\"image.default\">\n\t\t\t\t<div class=\"elementor-widget-container\">\n\t\t\t\t\t\t\t\t\t\t\t\t\t\t\t<img fetchpriority=\"high\" decoding=\"async\" width=\"1920\" height=\"1280\" src=\"https:\/\/pensiuneaioana.ro\/wp-content\/uploads\/2024\/04\/Pensiunea-Ioana-Receptie-1-1.jpg\" class=\"attachment-full size-full wp-image-62\" alt=\"\" srcset=\"https:\/\/pensiuneaioana.ro\/wp-content\/uploads\/2024\/04\/Pensiunea-Ioana-Receptie-1-1.jpg 1920w, https:\/\/pensiuneaioana.ro\/wp-content\/uploads\/2024\/04\/Pensiunea-Ioana-Receptie-1-1-300x200.jpg 300w, https:\/\/pensiuneaioana.ro\/wp-content\/uploads\/2024\/04\/Pensiunea-Ioana-Receptie-1-1-1024x683.jpg 1024w, https:\/\/pensiuneaioana.ro\/wp-content\/uploads\/2024\/04\/Pensiunea-Ioana-Receptie-1-1-768x512.jpg 768w, https:\/\/pensiuneaioana.ro\/wp-content\/uploads\/2024\/04\/Pensiunea-Ioana-Receptie-1-1-1536x1024.jpg 1536w, https:\/\/pensiuneaioana.ro\/wp-content\/uploads\/2024\/04\/Pensiunea-Ioana-Receptie-1-1-18x12.jpg 18w\" sizes=\"100vw\" \/>\t\t\t\t\t\t\t\t\t\t\t\t\t\t\t<\/div>\n\t\t\t\t<\/div>\n\t\t\t\t\t<\/div>\n\t\t\t\t<\/div>\n\t\t<div class=\"elementor-element elementor-element-bf9a5a2 e-flex e-con-boxed e-con e-parent\" data-id=\"bf9a5a2\" data-element_type=\"container\">\n\t\t\t\t\t<div class=\"e-con-inner\">\n\t\t\t\t<div class=\"elementor-element elementor-element-08980f8 elementor-widget elementor-widget-spacer\" data-id=\"08980f8\" data-element_type=\"widget\" data-widget_type=\"spacer.default\">\n\t\t\t\t<div class=\"elementor-widget-container\">\n\t\t\t\t\t\t\t<div class=\"elementor-spacer\">\n\t\t\t<div class=\"elementor-spacer-inner\"><\/div>\n\t\t<\/div>\n\t\t\t\t\t\t<\/div>\n\t\t\t\t<\/div>\n\t\t\t\t\t<\/div>\n\t\t\t\t<\/div>\n\t\t<div class=\"elementor-element elementor-element-9122c4a e-flex e-con-boxed e-con e-parent\" data-id=\"9122c4a\" data-element_type=\"container\">\n\t\t\t\t\t<div class=\"e-con-inner\">\n\t\t\t\t<div class=\"elementor-element elementor-element-dd3a325 elementor-widget__width-inherit elementor-widget elementor-widget-heading\" data-id=\"dd3a325\" data-element_type=\"widget\" data-settings=\"{&quot;_animation&quot;:&quot;none&quot;}\" data-widget_type=\"heading.default\">\n\t\t\t\t<div class=\"elementor-widget-container\">\n\t\t\t\t\t<h2 class=\"elementor-heading-title elementor-size-default\">CAMER\u0102 TRIPL\u0102<\/h2>\t\t\t\t<\/div>\n\t\t\t\t<\/div>\n\t\t\t\t\t<\/div>\n\t\t\t\t<\/div>\n\t\t<div class=\"elementor-element elementor-element-53ec26c e-flex e-con-boxed e-con e-parent\" data-id=\"53ec26c\" data-element_type=\"container\">\n\t\t\t\t\t<div class=\"e-con-inner\">\n\t\t<div class=\"elementor-element elementor-element-e5a87df e-con-full e-flex e-con e-child\" data-id=\"e5a87df\" data-element_type=\"container\">\n\t\t\t\t<div class=\"elementor-element elementor-element-fe12c73 elementor-invisible elementor-widget elementor-widget-text-editor\" data-id=\"fe12c73\" data-element_type=\"widget\" data-settings=\"{&quot;_animation&quot;:&quot;fadeInLeft&quot;}\" data-widget_type=\"text-editor.default\">\n\t\t\t\t<div class=\"elementor-widget-container\">\n\t\t\t\t\t\t\t\t\t<div class=\"flex-1 overflow-hidden\"><div class=\"react-scroll-to-bottom--css-rvsfh-79elbk h-full\"><div class=\"react-scroll-to-bottom--css-rvsfh-1n7m0yu\"><div class=\"flex flex-col text-sm pb-9\"><div class=\"w-full text-token-text-primary\" dir=\"auto\" data-testid=\"conversation-turn-7\"><div class=\"px-4 py-2 justify-center text-base md:gap-6 m-auto\"><div class=\"flex flex-1 text-base mx-auto gap-3 juice:gap-4 juice:md:gap-6 md:px-5 lg:px-1 xl:px-5 md:max-w-3xl lg:max-w-[40rem] xl:max-w-[48rem]\"><div class=\"relative flex w-full flex-col agent-turn\"><div class=\"flex-col gap-1 md:gap-3\"><div class=\"flex flex-grow flex-col max-w-full\"><div class=\"min-h-[20px] text-message flex flex-col items-start gap-3 whitespace-pre-wrap break-words [.text-message+&amp;]:mt-5 overflow-x-auto\" dir=\"auto\" data-message-author-role=\"assistant\" data-message-id=\"d7091177-7253-4d4b-b86d-1c653364a4e1\"><div class=\"markdown prose w-full break-words dark:prose-invert light\"><p data-start=\"163\" data-end=\"538\"><strong data-start=\"163\" data-end=\"199\">Spa\u021biu Generos \u0219i Versatilitate:<\/strong> Camerele triple de la Pensiunea Ioana sunt concepute pentru a oferi mai mult spa\u021biu \u0219i un plus de confort, fiind ideale pentru familii sau grupuri mici. Fiecare camer\u0103 este dotat\u0103 cu trei paturi confortabile, oferind flexibilitate \u00een organizarea spa\u021biului de dormit, astfel \u00eenc\u00e2t fiecare oaspete s\u0103 se bucure de odihn\u0103 \u00een condi\u021bii optime.<\/p><p data-start=\"540\" data-end=\"850\"><strong data-start=\"540\" data-end=\"571\">Design Practic \u0219i Primitor:<\/strong> Mobilierul func\u021bional, liniile simple \u0219i designul ergonomic creeaz\u0103 o atmosfer\u0103 cald\u0103 \u0219i relaxant\u0103. Camerele triple sunt g\u00e2ndite pentru a oferi un echilibru perfect \u00eentre func\u021bionalitate \u0219i confort, fie c\u0103 sunte\u021bi \u00een vacan\u021b\u0103 cu familia, prietenii sau \u00eentr-o escapad\u0103 de weekend.<\/p><p data-start=\"852\" data-end=\"1168\"><strong data-start=\"852\" data-end=\"904\">Dot\u0103ri Esen\u021biale pentru Confortul Dumneavoastr\u0103:<\/strong> Fiecare camer\u0103 tripl\u0103 este echipat\u0103 cu trei paturi confortabile, lenjerii curate \u0219i baie privat\u0103. Accesul gratuit la Wi-Fi v\u0103 permite s\u0103 r\u0103m\u00e2ne\u021bi conecta\u021bi sau s\u0103 v\u0103 planifica\u021bi activit\u0103\u021bile din zon\u0103, bucur\u00e2ndu-v\u0103 \u00een acela\u0219i timp de lini\u0219tea \u0219i confortul camerei.<\/p><p data-start=\"1170\" data-end=\"1472\"><strong data-start=\"1170\" data-end=\"1206\">Confort pentru \u00centreaga Familie:<\/strong> Camerele triple de la Pensiunea Ioana sunt alegerea perfect\u0103 pentru cei care \u00ee\u0219i doresc un spa\u021biu comun, dar aerisit \u0219i bine organizat. Indiferent de scopul c\u0103l\u0103toriei, ve\u021bi g\u0103si aici un ambient pl\u0103cut, ideal pentru relaxare dup\u0103 o zi petrecut\u0103 \u00een mijlocul naturii.<\/p><p data-start=\"1474\" data-end=\"1747\"><strong data-start=\"1474\" data-end=\"1507\">Alege\u021bi Confortul \u0219i Spa\u021biul:<\/strong> Bucura\u021bi-v\u0103 de camerele noastre triple, o solu\u021bie practic\u0103 \u0219i confortabil\u0103 pentru sejururi \u00een familie sau \u00een grupuri mici. La Pensiunea Ioana, fiecare detaliu este g\u00e2ndit pentru ca \u0219ederea dumneavoastr\u0103 s\u0103 fie c\u00e2t mai pl\u0103cut\u0103 \u0219i relaxant\u0103<\/p><\/div><\/div><\/div><\/div><\/div><\/div><\/div><\/div><\/div><\/div><\/div><\/div>\t\t\t\t\t\t\t\t<\/div>\n\t\t\t\t<\/div>\n\t\t\t\t<\/div>\n\t\t<div class=\"elementor-element elementor-element-7d617b9 e-con-full e-flex e-con e-child\" data-id=\"7d617b9\" data-element_type=\"container\">\n\t\t\t\t<div class=\"elementor-element elementor-element-023c2a8 elementor-pagination-position-outside elementor-invisible elementor-widget elementor-widget-image-carousel\" data-id=\"023c2a8\" data-element_type=\"widget\" data-settings=\"{&quot;slides_to_show&quot;:&quot;1&quot;,&quot;navigation&quot;:&quot;dots&quot;,&quot;autoplay_speed&quot;:1500,&quot;_animation&quot;:&quot;fadeInRight&quot;,&quot;autoplay&quot;:&quot;yes&quot;,&quot;pause_on_hover&quot;:&quot;yes&quot;,&quot;pause_on_interaction&quot;:&quot;yes&quot;,&quot;infinite&quot;:&quot;yes&quot;,&quot;effect&quot;:&quot;slide&quot;,&quot;speed&quot;:500}\" data-widget_type=\"image-carousel.default\">\n\t\t\t\t<div class=\"elementor-widget-container\">\n\t\t\t\t\t\t\t<div class=\"elementor-image-carousel-wrapper swiper\" role=\"region\" aria-roledescription=\"carousel\" aria-label=\"Carusel de imagini\" dir=\"ltr\">\n\t\t\t<div class=\"elementor-image-carousel swiper-wrapper swiper-image-stretch\" aria-live=\"off\">\n\t\t\t\t\t\t\t\t<div class=\"swiper-slide\" role=\"group\" aria-roledescription=\"slide\" aria-label=\"1 din 5\"><figure class=\"swiper-slide-inner\"><img decoding=\"async\" class=\"swiper-slide-image\" src=\"https:\/\/pensiuneaioana.ro\/wp-content\/uploads\/2024\/04\/Pensiunea-Ioana-Camera-Dubla-1-1-1024x683.jpg\" alt=\"Pensiunea Ioana Camera Dubla 1\" \/><\/figure><\/div><div class=\"swiper-slide\" role=\"group\" aria-roledescription=\"slide\" aria-label=\"2 din 5\"><figure class=\"swiper-slide-inner\"><img decoding=\"async\" class=\"swiper-slide-image\" src=\"https:\/\/pensiuneaioana.ro\/wp-content\/uploads\/2026\/01\/camera-tripla-5-1024x680.jpg\" alt=\"camera tripla 5\" \/><\/figure><\/div><div class=\"swiper-slide\" role=\"group\" aria-roledescription=\"slide\" aria-label=\"3 din 5\"><figure class=\"swiper-slide-inner\"><img decoding=\"async\" class=\"swiper-slide-image\" src=\"https:\/\/pensiuneaioana.ro\/wp-content\/uploads\/2026\/01\/camera-tripla-6-1024x680.jpg\" alt=\"camera tripla 6\" \/><\/figure><\/div><div class=\"swiper-slide\" role=\"group\" aria-roledescription=\"slide\" aria-label=\"4 din 5\"><figure class=\"swiper-slide-inner\"><img decoding=\"async\" class=\"swiper-slide-image\" src=\"https:\/\/pensiuneaioana.ro\/wp-content\/uploads\/2026\/01\/camera-tripla-7-1024x680.jpg\" alt=\"camera tripla 7\" \/><\/figure><\/div><div class=\"swiper-slide\" role=\"group\" aria-roledescription=\"slide\" aria-label=\"5 din 5\"><figure class=\"swiper-slide-inner\"><img decoding=\"async\" class=\"swiper-slide-image\" src=\"https:\/\/pensiuneaioana.ro\/wp-content\/uploads\/2026\/01\/camera-tripla-8-1024x680.jpg\" alt=\"camera tripla 8\" \/><\/figure><\/div>\t\t\t<\/div>\n\t\t\t\t\t\t\t\n\t\t\t\t\t\t\t\t\t<div class=\"swiper-pagination\"><\/div>\n\t\t\t\t\t\t\t\t\t<\/div>\n\t\t\t\t\t\t<\/div>\n\t\t\t\t<\/div>\n\t\t\t\t<\/div>\n\t\t\t\t\t<\/div>\n\t\t\t\t<\/div>\n\t\t<div class=\"elementor-element elementor-element-67bbb7e e-flex e-con-boxed e-con e-parent\" data-id=\"67bbb7e\" data-element_type=\"container\">\n\t\t\t\t\t<div class=\"e-con-inner\">\n\t\t\t\t<div class=\"elementor-element elementor-element-cf0ae6a elementor-widget elementor-widget-spacer\" data-id=\"cf0ae6a\" data-element_type=\"widget\" data-widget_type=\"spacer.default\">\n\t\t\t\t<div class=\"elementor-widget-container\">\n\t\t\t\t\t\t\t<div class=\"elementor-spacer\">\n\t\t\t<div class=\"elementor-spacer-inner\"><\/div>\n\t\t<\/div>\n\t\t\t\t\t\t<\/div>\n\t\t\t\t<\/div>\n\t\t\t\t\t<\/div>\n\t\t\t\t<\/div>\n\t\t<div class=\"elementor-element elementor-element-d4d601d e-flex e-con-boxed e-con e-parent\" data-id=\"d4d601d\" data-element_type=\"container\">\n\t\t\t\t\t<div class=\"e-con-inner\">\n\t\t\t\t<div class=\"elementor-element elementor-element-e7aedca elementor-widget elementor-widget-text-editor\" data-id=\"e7aedca\" data-element_type=\"widget\" data-widget_type=\"text-editor.default\">\n\t\t\t\t<div class=\"elementor-widget-container\">\n\t\t\t\t\t\t\t\t\t<p>Contacta\u021bi-ne pentru rezerv\u0103ri \u0219i \u00eentreb\u0103ri suplimentare.&nbsp;<\/p><p>echipa noastr\u0103 v\u0103 a\u0219teapt\u0103 cu bra\u021bele deschise pentru a v\u0103 oferi o experien\u021b\u0103 de neuitat!<\/p>\t\t\t\t\t\t\t\t<\/div>\n\t\t\t\t<\/div>\n\t\t\t\t\t<\/div>\n\t\t\t\t<\/div>\n\t\t\t\t<\/div>\n\t\t","protected":false},"excerpt":{"rendered":"<p>CAMER\u0102 TRIPL\u0102 Spa\u021biu Generos \u0219i Versatilitate: Camerele triple de la Pensiunea Ioana sunt concepute pentru a oferi mai mult spa\u021biu \u0219i un plus de confort, fiind ideale pentru familii sau grupuri mici. Fiecare camer\u0103 este dotat\u0103 cu trei paturi confortabile, oferind flexibilitate \u00een organizarea spa\u021biului de dormit, astfel \u00eenc\u00e2t fiecare oaspete s\u0103 se bucure de &hellip; <\/p>\n<p class=\"link-more\"><a href=\"https:\/\/pensiuneaioana.ro\/index.php\/camera-tripla\/\" class=\"more-link\">Cite\u0219te mai multe<span class=\"screen-reader-text\">\u201eCAMER\u0102 TRIPL\u0102\u201d<\/span><\/a><\/p>\n","protected":false},"author":1,"featured_media":0,"parent":0,"menu_order":0,"comment_status":"closed","ping_status":"closed","template":"elementor_header_footer","meta":{"footnotes":""},"class_list":["post-455","page","type-page","status-publish","hentry"],"aioseo_notices":[],"_links":{"self":[{"href":"https:\/\/pensiuneaioana.ro\/index.php\/wp-json\/wp\/v2\/pages\/455","targetHints":{"allow":["GET"]}}],"collection":[{"href":"https:\/\/pensiuneaioana.ro\/index.php\/wp-json\/wp\/v2\/pages"}],"about":[{"href":"https:\/\/pensiuneaioana.ro\/index.php\/wp-json\/wp\/v2\/types\/page"}],"author":[{"embeddable":true,"href":"https:\/\/pensiuneaioana.ro\/index.php\/wp-json\/wp\/v2\/users\/1"}],"replies":[{"embeddable":true,"href":"https:\/\/pensiuneaioana.ro\/index.php\/wp-json\/wp\/v2\/comments?post=455"}],"version-history":[{"count":10,"href":"https:\/\/pensiuneaioana.ro\/index.php\/wp-json\/wp\/v2\/pages\/455\/revisions"}],"predecessor-version":[{"id":498,"href":"https:\/\/pensiuneaioana.ro\/index.php\/wp-json\/wp\/v2\/pages\/455\/revisions\/498"}],"wp:attachment":[{"href":"https:\/\/pensiuneaioana.ro\/index.php\/wp-json\/wp\/v2\/media?parent=455"}],"curies":[{"name":"wp","href":"https:\/\/api.w.org\/{rel}","templated":true}]}}